e 4) in base 7?
1055
Convert -1 (base 11) to base 14.
-1
Convert -12 (base 13) to base 10.
-15
What is 66 (base 14) in base 13?
6c
Convert 14 (base 13) to base 9.
18
b (base 14) to base 10
11
Convert 54 (base 8) to base 2.
101100
What is 32 (base 12) in base 7?
53
100101 (base 2) to base 9
41
What is 16 (base 11) in base 13?
14
Convert -10 (base 6) to base 7.
-6
Convert -9 (base 12) to base 7.
-12
30 (base 14) to base 5
132
Convert -1104 (base 5) to base 12.
-10a
Convert 1 (base 11) to base 6.
1
-2 (base 7) to base 15
-2
What is -13 (base 12) in base 16?
-f
Convert -208 (base 9) to base 10.
-170
What is -1 (base 6) in base 9?
-1
Convert -3 (base 6) to base 8.
-3
What is -20 (base 9) in base 6?
-30
Convert -11 (base 4) to base 7.
-5
Convert -e5 (base 15) to base 4.
-3113
2 (base 12) to base 3
2
4 (base 6) to base 4
10
Convert -2 (base 15) to base 13.
-2
Convert 3 (base 8) to base 16.
3
100 (base 5) to base 15
1a
2131 (base 5) to base 9
353
Convert -1 (base 2) to base 16.
-1
What is 3 (base 16) in base 13?
3
Convert -110 (base 2) to base 8.
-6
-100 (base 5) to base 12
-21
What is 30 (base 9) in base 6?
43
What is 7 (base 13) in base 15?
7
What is -1 (base 2) in base 13?
-1
Convert 0 (base 7) to base 9.
0
Convert -3 (base 4) to base 6.
-3
What is -3 (base 7) in base 2?
-11
What is -27 (base 15) in base 2?
-100101
Convert -1 (base 8) to base 6.
-1
-c (base 14) to base 12
-10
Convert 0 (base 9) to base 4.
0
Convert 0 (base 14) to base 10.
0
Convert -10110101 (base 2) to base 4.
-2311
What is -2 (base 3) in base 15?
-2
What is 0 (base 14) in base 11?
0
-54 (base 11) to base 10
-59
Convert 131 (base 5) to base 15.
2b
Convert 0 (base 10) to base 8.
0
-5 (base 16) to base 10
-5
Convert 210 (base 3) to base 14.
17
What is 95 (base 11) in base 13?
80
Convert 17 (base 8) to base 3.
120
Convert -a (base 12) to base 13.
-a
Convert -a2 (base 12) to base 4.
-1322
Convert -11000 (base 2) to base 13.
-1b
9 (base 11) to base 10
9
What is -28 (base 9) in base 14?
-1c
Convert -1 (base 7) to base 12.
-1
Convert -1 (base 7) to base 16.
-1
What is 48 (base 13) in base 6?
140
21 (base 13) to base 5
102
-43 (base 14) to base 10
-59
14 (base 9) to base 10
13
-22 (base 3) to base 12
-8
26 (base 14) to base 10
34
Convert -18 (base 15) to base 3.
-212
32 (base 9) to base 16
1d
What is -28 (base 12) in base 13?
-26
2 (base 4) to base 10
2
Convert -5 (base 7) to base 16.
-5
-10 (base 9) to base 15
-9
What is 1210 (base 5) in base 9?
220
Convert 15 (base 7) to base 3.
110
-10 (base 5) to base 16
-5
What is 6 (base 16) in base 5?
11
Convert -6 (base 9) to base 3.
-20
Convert -9 (base 15) to base 16.
-9
1 (base 11) to base 15
1
Convert 5 (base 13) to base 16.
5
3 (base 8) to base 10
3
Convert -3 (base 7) to base 3.
-10
Convert 71 (base 10) to base 6.
155
100 (base 3) to base 5
14
-8 (base 10) to base 9
-8
-1 (base 11) to base 6
-1
What is 9 (base 15) in base 9?
10
Convert d (base 14) to base 6.
21
What is -13 (base 9) in base 14?
-c
10 (base 9) to base 11
9
-1000 (base 2) to base 14
-8
14 (base 8) to base 5
22
What is -44 (base 6) in base 14?
-20
-1 (base 5) to base 14
-1
-4 (base 14) to base 7
-4
What is -44 (base 7) in base 15?
-22
0 (base 12) to base 4
0
Convert -3 (base 12) to base 6.
-3
11 (base 4) to base 14
5
What is 0 (base 15) in base 16?
0
What is -1000000 (base 2) in base 8?
-100
What is 20 (base 4) in base 15?
8
Convert -2 (base 16) to base 7.
-2
0 (base 11) to base 8
0
3 (base 10) to base 7
3
15 (base 16) to base 2
10101
Convert -5a (base 14) to base 11.
-73
Convert -1010101 (base 2) to base 5.
-320
1111 (base 2) to base 16
f
101 (base 6) to base 14
29
Convert -7 (base 11) to base 9.
-7
What is 22 (base 7) in base 8?
20
Convert -1 (base 4) to base 8.
-1
Convert -7 (base 13) to base 16.
-7
Convert e0 (base 16) to base 12.
168
Convert 3 (base 9) to base 3.
10
What is -94 (base 11) in base 5?
-403
Convert 2 (base 12) to base 3.
2
-2 (base 7) to base 9
-2
Convert c (base 13) to base 8.
14
Convert -35 (base 14) to base 16.
-2f
62 (base 13) to base 11
73
-2 (base 6) to base 8
-2
Convert 23 (base 4) to base 5.
21
3 (base 12) to base 8
3
What is -3b (base 12) in base 9?
-52
What is 224 (base 7) in base 11?
a6
-102 (base 3) to base 14
-b
Convert -1 (base 12) to base 16.
-1
Convert 2 (base 3) to base 11.
2
What is -1d (base 16) in base 4?
-131
101 (base 4) to base 10
17
2c (base 13) to base 8
46
What is 10 (base 2) in base 11?
2
52 (base 6) to base 16
20
-113 (base 11) to base 10
-135
-1c (base 13) to base 7
-34
Convert 12 (base 8) to base 11.
a
What is f (base 16) in base 3?
120
Convert -38 (base 12) to base 3.
-1122
Convert -44 (base 13) to base 4.
-320
Convert -44 (base 9) to base 8.
-50
-5 (base 14) to base 2
-101
Convert -22 (base 7) to base 13.
-13
130 (base 9) to base 14
7a
101 (base 2) to base 5
10
What is 35 (base 9) in base 14?
24
0 (base 11) to base 13
0
Convert -33 (base 13) to base 14.
-30
1 (base 15) to base 2
1
What is 2 (base 14) in base 13?
2
15 (base 16) to base 3
210
Convert 5 (base 13) to base 5.
10
-8d (base 14) to base 5
-1000
What is -1a (base 13) in base 11?
-21
What is -40 (base 8) in base 11?
-2a
What is -100 (base 3) in base 7?
-12
15 (base 11) to base 13
13
2 (base 3) to base 12
2
-7 (base 11) to base 5
-12
What is 33 (base 7) in base 8?
30
Convert -2 (base 6) to base 12.
-2
Convert -2 (base 10) to base 3.
-2
Convert -4 (base 5) to base 3.
-11
Convert 32 (base 16) to base 7.
101
What is 27 (base 15) in base 9?
41
-3 (base 14) to base 7
-3
10101 (base 4) to base 12
1a9
What is 10 (base 3) in base 13?
3
-40 (base 12) to base 11
-44
What is -24 (base 11) in base 13?
-20
107 (base 8) to base 12
5b
Convert 15 (base 9) to base 12.
12
4 (base 11) to base 7
4
What is 1 (base 6) in base 16?
1
What is -221 (base 8) in base 13?
-b2
-62 (base 7) to base 5
-134
Convert 74 (base 11) to base 14.
5b
Convert -b (base 12) to base 14.
-b
-83 (base 9) to base 16
-4b
What is 89 (base 16) in base 14?
9b
Convert -12 (base 6) to base 11.
-8
What is 2 (base 13) in base 15?
2
Convert 39 (base 13) to base 11.
44
What is -133 (base 12) in base 11?
-157
4 (base 14) to base 5
4
1 (base 9) to base 13
1
Convert 10122 (base 3) to base 9.
118
-11 (base 15) to base 3
-121
Convert 0 (base 11) to base 3.
0
-d (base 14) to base 3
-111
What is 1 (base 5) in base 9?
1
Convert 53 (base 15) to base 10.
78
26 (base 13) to base 11
2a
Convert -66 (base 7) to base 3.
-1210
What is -1 (base 11) in base 6?
-1
Convert -3 (base 13) to base 6.
-3
-5a (base 12) to base 14
-50
What is 19 (base 12) in base 16?
15
104 (base 5) to base 6
45
45 (base 15) to base 11
5a
34 (base 7) to base 10
25
What is -29 (base 14) in base 11?
-34
What is -5 (base 12) in base 11?
-5
Convert 3 (base 13) to base 2.
11
Convert 1 (base 5) to base 12.
1
Convert -3a (base 12) to base 14.
-34
Convert 25 (base 12) to base 13.
23
What is -530 (base 7) in base 11?
-222
Convert 12 (base 16) to base 3.
200
3 (base 15) to base 14
3
-2b (base 14) to base 7
-54
Convert 5 (base 12) to base 3.
12
What is -237 (base 8) in base 4?
-2133
Convert 0 (base 4) to base 6.
0
What is -102 (base 6) in base 11?
-35
-10 (base 4) to base 8
-4
-1 (base 4) to base 6
-1
Convert -20 (base 12) to base 11.
-22
What is 3 (base 9) in base 14?
3
Convert -5 (base 8) to base 7.
-5
What is -22211 (base 3) in base 5?
-1423
-33 (base 4) to base 16
-f
3 (base 13) to base 11
3
-11 (base 6) to base 14
-7
10 (base 4) to base 6
4
11 (base 4) to base 13
5
What is -232 (base 7) in base 16?
-79
What is 2 (base 5) in base 9?
2
Convert 1 (base 7) to base 11.
1
Convert 0 (base 6) to base 4.
0
2 (base 7) to base 2
10
What is 9 (base 11) in base 12?
9
111 (base 3) to base 16
d
What is -6 (base 14) in base 13?
-6
Convert -1000 (base 2) to base 5.
-13
-32 (base 6) to base 10
-20
Convert 11 (base 15) to base 13.
13
Convert 1 (base 8) to base 4.
1
-21 (base 15) to base 10
-31
110 (base 2) to base 12
6
What is -1 (base 8) in base 7?
-1
What is e (base 16) in base 8?
16
0 (base 14) to base 15
0
What is 0 (base 9) in base 14?
0
Convert 11 (base 2) to base 4.
3
What is 3 (base 5) in base 12?
3
Convert ac (base 14) to base 8.
230
Convert -14 (base 9) to base 4.
-31
What is 0 (base 9) in base 7?
0
-25 (base 7) to base 3
-201
Convert -1 (base 7) to base 6.
-1
What is 136 (base 10) i